t). Determine y(p).
-9
Suppose 4*m + 3 = m. Let h(s) be the second derivative of -7*s**5/60 + s**3/6 + 5*s**2/2 - 9*s. Let y(l) be the first derivative of h(l). Calculate y(m).
-6
Let y(s) = s**3 + 23*s - 5 - 7*s**2 + 11*s - 27*s + 4. Determine y(6).
5
Suppose 0 = 43*n - 25 - 61. Let u(x) be the second derivative of x**5/20 - x**4/6 - x**3/6 - x**2/2 - 4*x. Determine u(n).
-3
Let m(w) = -2*w - 4. Let g be 6/14 + 765/(-119). Calculate m(g).
8
Let u(p) = 5*p**3 + 5*p**2 + p + 1. Let k(x) = -4*x**3 - 5*x**2 - x - 1. Let c(a) = -6*k(a) - 5*u(a). Give c(6).
-29
Let x(l) = -8 + 1 - 2932*l**3 - 5*l + 2931*l**3 + 11*l**2. Give x(10).
43
Let d(k) = -2*k - 14 + 38 - 14 - 15. Let j be d(1). Let i(u) = -u**2 - 7*u - 3. What is i(j)?
-3
Let n(z) be the first derivative of z**4/2 - 7*z**3/3 + 5*z**2/2 + 4*z - 6. What is n(4)?
40
Let j(s) = 2*s - 9. Let x be j(6). Let m(w) = -5*w - 3. Let o(u) = 6*u + 4. Let h(b) = x*m(b) + 2*o(b). Let v be (1/3)/((-3)/9). Determine h(v).
2
Let r(u) = u**2 - 3*u + 1. Suppose 2*x = 5*n + 24, x = 3*n - 4*x + 3. Let q = n + 22. Let w = -15 + q. Determine r(w).
-1
Let a = -8 - -4. Let f(u) be the third derivative of -u**6/360 - u**5/30 - 5*u**4/24 + 16*u**3/3 + 27*u**2. Let g(i) be the first derivative of f(i). Give g(a).
-5
Let q be (-6)/(-14) + 99/63. Let g(z) = -z**2 + 3*z - 1. Give g(q).
1
Let o(b) = -b - 7. Suppose -14*v = -6*v - 48. Give o(v).
-13
Let o(r) = -5*r**3 - 7*r**2 + r - 4. Let x(w) = 2*w**3 + w**2 + 2*w - 1. Let v(l) = -o(l) - 3*x(l). Give v(5).
-53
Let b(n) = 2*n - 4. Let y(f) = -f**2 + 6*f - 12. Let p be y(6). Let u be 27/(-6)*8/p. Give b(u).
2
Let s(g) = g**2 + 1413*g - 2823*g + 1408*g - 3. What is s(4)?
5
Let d be (3 - 1)/(1/2). Let u(t) be the second derivative of -1/12*t**4 + 0 - 6*t + t**2 + 0*t**3. Give u(d).
-14
Let h(g) be the first derivative of g + 1/2*g**2 + 7. Calculate h(4).
5
Let h(l) = 2*l**2 + l + 1. Let g be 100/(-225) + 80/18. Give h(g).
37
Let q(k) = 6*k**2 - 3*k - 2. Let z be q(-1). Let a(u) = 3*u**2 - 3*u - 4. Let b(y) = -10*y**2 + 9*y + 12. Let c(v) = z*a(v) + 2*b(v). What is c(-3)?
14
Let i(r) = -r**2 + 8*r - 6. Let h(o) = -o**2 + 8*o - 6. Let j(x) = 4*h(x) - 3*i(x). What is j(5)?
9
Let u(o) = -19*o**3 + o**2 - 2*o + 1. Let f be (-4*(1 - (-9)/(-6)))/2. Calculate u(f).
-19
Let j(q) = q**3 - 5*q**2 - q - 1. Let r(z) = -8*z + 45. Let v be r(5). Determine j(v).
-6
Let g(h) be the first derivative of -1/2*h**2 - 2/3*h**3 + 5 + 2*h. Determine g(-3).
-13
Let b(h) = -2*h**3 + 2*h**2 - h. Let r be (1/(-2))/(3/(-12)). Let f(z) = 2*z**r - z**2 - 5 - 7 + 13 - 7*z. Let d be f(7). Give b(d).
-1
Let w(n) = n**3 - 4*n**2 + 3. Let d(m) = -2*m**3 - m**2 - 2*m - 1. Let x be d(-1). Let z be 3/x*(-10)/(-3). Suppose 0*a = -z*a + 20. Calculate w(a).
3
Let z be (30/(-20))/(6/(-8)). Let b(w) = 9 + 3*w**3 - 8*w**z + 8*w + w**3 - 5*w**3. Let a(k) = -k**2. Let f(l) = -2*a(l) + b(l). What is f(-7)?
2
Let u = 7 - 10. Let s(o) = 23*o - 13. Let c(x) = 19*x - 12. Let g(m) = -6*c(m) + 5*s(m). Determine g(u).
4
Let o be (20/11)/((-64)/(-352)). Let f(r) = -5*r + 15. Determine f(o).
-35
Let y be -12*(6/(-4) + 2). Let p(i) be the third derivative of i**4/24 - i**3/6 - 2*i**2 - 971. Determine p(y).
-7
Let q(t) be the second derivative of -t**5/20 + 5*t**4/12 - t**3 + 5*t**2/2 + 8*t. Let r be (3 + 6/3)/1. Give q(r).
-25
Let m(d) = -2*d - 1. Let k be ((-10)/(-4) + -1)/(162/216). Calculate m(k).
-5
Let f(u) = 2*u - 10. Let m = 265 + -260. Give f(m).
0
Let r(h) be the second derivative of -h**4/12 - h**3/2 - 3*h**2/2 + 92*h. Give r(-2).
-1
Let m(g) = -g**2 - 5*g + 2. Let v be m(-5). Suppose -v*n = 4 + 6. Let d(l) = 7 + 3*l - 2*l - 8. Determine d(n).
-6
Suppose 0 = 5*h - 2*p - 23, 3*h - 3*p = -0*h + 12. Let s(y) = y**3 - 4*y**2 - 8*y + 8. Determine s(h).
-7
Suppose 4*d - 5*j - 50 = -d, -d = 5*j + 8. Let t = -216 - -227. Let b(q) = -3 - 5*q**2 - d*q + t*q**2 - 7*q**2. What is b(-5)?
7
Suppose -y - 2*y = 5*u - 167, -3*y + 164 = 2*u. Let w(c) = -55*c**2 + y*c**2 - c - 2*c - 5. Calculate w(-5).
-15
Let r(l) = 6*l**2 - 3*l + 2. Let n = 1679 + -1676. Determine r(n).
47
Let g(k) = -k**2 - k - 1. Let z = 8 - 6. Suppose -5 - 1 = -z*n. Suppose 0 = -7*r + n*r. What is g(r)?
-1
Let t(o) = -o**3 - 3*o**2 + 2*o. Let h be t(-4). Suppose -s = 3 - h. Let n(b) = b**2. Let g(q) = -q**2 - 2*q - 4. Let z(r) = -g(r) - 2*n(r). Determine z(s).
-11
Let c(l) = -2*l + 36. Let k(u) = -u + 20. Let z(y) = 6*c(y) - 10*k(y). Determine z(9).
-2
Let w(b) = 8*b + 6 - 3 - 10*b + 5*b. Let m be (-140)/12 + (-1)/3. Let v be 57/(-18) - 2/m. Give w(v).
-6
Let t(f) be the third derivative of -1/6*f**4 + 1/2*f**3 + 0*f + 0 - 37*f**2 + 1/30*f**5. Determine t(2).
3
Suppose -168*t + 170*t = 4. Let m(i) be the third derivative of 0 + 0*i - 2*i**2 + 0*i**3 - 1/24*i**4. Give m(t).
-2
Let g(i) = 5 - 30*i - 32*i + 63*i. Calculate g(6).
11
Let d(v) be the second derivative of v**4/12 - 5*v**3/3 + 4*v**2 + v - 51. Give d(10).
8
Let t be -21*(-11 - (-150)/14). Let j(r) = 4*r + 4. Calculate j(t).
28
Let d(g) = g**2 + 6*g + 2. Let i = -37 + -8. Let b = 39 + i. Determine d(b).
2
Let h(u) = -3*u + 6. Suppose -4*a = -0 + 16. Let s be (-45)/(-10) + 2/a. Give h(s).
-6
Let f be (-26)/91 + (-150)/(-35). Let i(r) = 2*r**3 - 6*r**2 + r + 2. Give i(f).
38
Let x(o) = 2*o - 9. Let h be x(7). Let d = -53 + 59. Let r(w) = -1 - 2*w - 1 + d. Determine r(h).
-6
Suppose -4*u = -21*u - 34. Let h(f) = -11*f - 7. Give h(u).
15
Suppose 9 = d + 4*x + 1, -3*d - 2*x + 64 = 0. Let o be 6/d + 2/(-8). Suppose 0 = -6*y - o + 6. Let s(f) = 11*f + 1. Calculate s(y).
12
Let l(w) be the third derivative of w**4/24 + w**3/6 + 256*w**2. Suppose -3 = -0*v + 3*v. Let y = v - 4. What is l(y)?
-4
Let y(q) = q**3 - 6*q**2 - 9*q + 15. Let n be y(7). Let i(x) = 5*x - x - 4*x - x + n. Let b(r) = r - 2. Let c(k) = 6*b(k) + 5*i(k). Give c(6).
-1
Let q(u) = -1. Let j(m) = m - 13. Let b(t) = -j(t) - q(t). What is b(14)?
0
Let u(y) = -y**3 + 5*y**2 - 2*y + 1. Suppose -2*b + 15 + 11 = 0. Suppose -d + 35 = 27. Let v = b - d. What is u(v)?
-9
Suppose 41 = 4*t - 115. Let s = 38 - t. Let x(k) = -9*k**2 - 2*k - 1. Give x(s).
-8
Let j = 132 - 127. Let d(k) be the first derivative of 1/3*k**3 - 9 - 3*k**2 - j*k. What is d(6)?
-5
Let y(z) = z. Let k be (-2)/3*(-27)/6. Suppose k*t - 5*w + 32 = 0, w = -2*t - 2*w + 4. Give y(t).
-4
Suppose 4*f = 5*d - 265, -186 = -4*d - 0*f - 2*f. Let x = -45 + d. Let c(q) = 4*q - 3*q + 0 - 2. Calculate c(x).
2
Suppose 0 = -44*y + 215 + 137. Let k(n) = -3*n - 5. What is k(y)?
-29
Let o(f) be the first derivative of 1/12*f**4 + 4 + 5*f + 1/20*f**5 + 0*f**3 + 4*f**2. Let y(p) be the first derivative of o(p). Determine y(0).
8
Let c(o) be the third derivative of o**6/120 - 3*o**5/20 + o**4/12 - o**3/2 + 277*o**2. Give c(9).
15
Suppose 27 = -4*q - 1. Let u = q + 9. Let n(j) = 0*j**u - j**2 - 5*j + j**3 + 3 - 2*j**2 + 7*j**2. Calculate n(-5).
3
Let h(m) be the third derivative of 0*m + 0 + 35*m**2 - 1/60*m**5 + 1/24*m**4 - 8/3*m**3. What is h(0)?
-16
Let z(t) = -3*t**3 + 2*t**2 + 2*t + 1. Let q be z(-1). Suppose 2*b = 5*o + 8, b = -5*o - 6 - 5. Let a = b + q. Let f(i) = -6*i + 4. What is f(a)?
-14
Let q(j) = 42 + 57 + j + 46 - 153. Calculate q(22).
14
Suppose -12*k + 9 = -j - 7*k, -3 = -j - k. Let c(r) = r - 2. What is c(j)?
-1
Let x(f) = -2*f + 0*f + 6 - 4*f - f**2. Let z(d) = d + 9. Let q be z(-4). Suppose 0*v = -q*v + 4*l - 45, 2*v + l = -5. Give x(v).
11
Let i(p) = p**3 + 6*p**2 - 2*p - 7. Let z(g) = 38*g + 32. Let u be z(-1). What is i(u)?
5
Let h(c) = -c**2 + 14*c - 4. Let y be 180/240*16/1. Determine h(y).
20
Let v(k) = -2*k**3 - 9*k**2 - 2*k + 3. Suppose 3*h + 20 = 4*y, 0 = 4*h + 3*y + 30 - 20. Determine v(h).
-5
Suppose -2*d - 2 = 0, 3*f - 4*d + 3*d = -14. Let r(c) be the second derivative of -1/12*c**4 - 4*c + 0 - 7/6*c**3 + 1/2*c**2. Calculate r(f).
11
Let c = -61 - -63. Let t(j) = j**c + 3*j**2 + 2*j - 3*j**2 + 3. Calculate t(-3).
6
Let h(o) = -15*o**2 - o + 7. Let y(z) = 8*z**2 + z - 4. Let v(m) = -3*h(m) - 5*y(m). Suppose -2*u + 6*l - 11 = 3*l, l = -3*u. Calculate v(u).
6
Let o = 13 + -9. Let h be o + 1/2*0. Let b(m) = -2 + 5*m - 2*m - m - h*m. What is b(3)?
-8
Let f(m) = -9*m - 8. Let j(d) = d + 1. Let y(i) = -2*f(i) - 22*j(i). Give y(-2).
2
Let s(t) = -16*t**3 + 32*t**2 + 33*t - 7. Let y(x) = 9*